{"id":27,"date":"2021-03-11T15:27:03","date_gmt":"2021-03-11T15:27:03","guid":{"rendered":"https:\/\/plazam.ro\/?page_id=27"},"modified":"2026-01-19T14:59:53","modified_gmt":"2026-01-19T14:59:53","slug":"parcare","status":"publish","type":"page","link":"https:\/\/plazam.ro\/hu\/parcare\/","title":{"rendered":"Parkol\u00e1s"},"content":{"rendered":"<p>[et_pb_section fb_built=&#8221;1&#8243; fullwidth=&#8221;on&#8221; _builder_version=&#8221;4.27.4&#8243; background_image=&#8221;https:\/\/plazam.ro\/wp-content\/uploads\/2025\/01\/Plaza-M-Targu-Mures-5-1.jpg&#8221; custom_margin=&#8221;-100px||||false|false&#8221; global_colors_info=&#8221;{}&#8221;][et_pb_fullwidth_header title=&#8221;Parcare&#8221; text_orientation=&#8221;center&#8221; _builder_version=&#8221;4.27.4&#8243; title_font=&#8221;Montserrat|800|||||||&#8221; title_font_size=&#8221;55px&#8221; subhead_font=&#8221;|700|||||||&#8221; subhead_text_color=&#8221;#000000&#8243; subhead_font_size=&#8221;25px&#8221; background_enable_color=&#8221;off&#8221; custom_margin=&#8221;||||false|false&#8221; custom_padding=&#8221;200px||200px||true|false&#8221; global_colors_info=&#8221;{}&#8221;][\/et_pb_fullwidth_header][\/et_pb_section][et_pb_section fb_built=&#8221;1&#8243; _builder_version=&#8221;4.16&#8243; global_colors_info=&#8221;{}&#8221;][et_pb_row _builder_version=&#8221;4.16&#8243; global_colors_info=&#8221;{}&#8221;][et_pb_column type=&#8221;4_4&#8243; _builder_version=&#8221;4.16&#8243; global_colors_info=&#8221;{}&#8221;][et_pb_text _builder_version=&#8221;4.23.1&#8243; text_font=&#8221;Gotham-light||||||||&#8221; text_font_size=&#8221;18px&#8221; text_line_height=&#8221;1.4em&#8221; header_font=&#8221;Montserrat|800|||||||&#8221; header_text_align=&#8221;left&#8221; header_font_size=&#8221;45px&#8221; header_line_height=&#8221;1.7em&#8221; header_2_font=&#8221;Gotham-medium||||||||&#8221; header_2_font_size=&#8221;40px&#8221; header_2_line_height=&#8221;1.5em&#8221; header_3_font=&#8221;Gotham-medium||||||||&#8221; header_3_font_size=&#8221;35px&#8221; header_3_line_height=&#8221;1.4em&#8221; header_4_font=&#8221;Gotham-medium||||||||&#8221; header_4_font_size=&#8221;30px&#8221; header_4_line_height=&#8221;1.4em&#8221; header_5_font=&#8221;Gotham-medium||||||||&#8221; header_5_font_size=&#8221;25px&#8221; header_5_line_height=&#8221;1.4em&#8221; header_6_font=&#8221;Gotham-medium||||||||&#8221; header_6_font_size=&#8221;20px&#8221; header_6_line_height=&#8221;1.4em&#8221; text_orientation=&#8221;center&#8221; global_colors_info=&#8221;{}&#8221;]<\/p>\n<h1 style=\"text-align: center;\">Plaza M - Parkol\u00e1s<\/h1>\n<p>[\/et_pb_text][\/et_pb_column][\/et_pb_row][et_pb_row _builder_version=&#8221;4.16&#8243; global_colors_info=&#8221;{}&#8221;][et_pb_column type=&#8221;4_4&#8243; _builder_version=&#8221;4.16&#8243; global_colors_info=&#8221;{}&#8221;][et_pb_text _builder_version=&#8221;4.27.4&#8243; text_font=&#8221;Montserrat||||||||&#8221; text_font_size=&#8221;18px&#8221; text_line_height=&#8221;1.4em&#8221; header_font=&#8221;Gotham-medium||||||||&#8221; header_font_size=&#8221;45px&#8221; header_line_height=&#8221;1.7em&#8221; header_2_font=&#8221;Gotham-medium||||||||&#8221; header_2_font_size=&#8221;40px&#8221; header_2_line_height=&#8221;1.5em&#8221; header_3_font=&#8221;Gotham-medium||||||||&#8221; header_3_font_size=&#8221;35px&#8221; header_3_line_height=&#8221;1.4em&#8221; header_4_font=&#8221;Gotham-medium||||||||&#8221; header_4_font_size=&#8221;30px&#8221; header_4_line_height=&#8221;1.4em&#8221; header_5_font=&#8221;Gotham-medium||||||||&#8221; header_5_font_size=&#8221;25px&#8221; header_5_line_height=&#8221;1.4em&#8221; header_6_font=&#8221;Gotham-medium||||||||&#8221; header_6_font_size=&#8221;20px&#8221; header_6_line_height=&#8221;1.4em&#8221; text_orientation=&#8221;justified&#8221; hover_enabled=&#8221;0&#8243; global_colors_info=&#8221;{}&#8221; sticky_enabled=&#8221;0&#8243;]<\/p>\n<p>A Plaza M t\u00f6bb mint 1500 parkol\u00f3hellyel rendelkezik.<\/p>\n<p><em><strong>A Plaza M parkol\u00f3ba val\u00f3 bel\u00e9p\u00e9s ezen szab\u00e1lyok elfogad\u00e1s\u00e1t jelenti.<\/strong><\/em><\/p>\n<ul>\n<li>A parkol\u00f3 mag\u00e1nter\u00fclet, amelyen a hat\u00e1lyos k\u00f6z\u00fati k\u00f6zleked\u00e9si jogszab\u00e1lyok alkalmazand\u00f3k.<\/li>\n<li>A megengedett parkol\u00e1si id\u0151 07:00-22:00. A fenti menetrend al\u00f3l csak a Cinema City \u00e9s a Jack Casino \u00fcgyfelei k\u00e9peznek kiv\u00e9telt, akik 06:00 \u00f3r\u00e1ig parkolhatnak;<\/li>\n<li>A parkol\u00f3ban a megfelel\u0151 k\u00f6zleked\u00e9s biztos\u00edt\u00e1sa \u00e9rdek\u00e9ben k\u00e9rj\u00fck, tarts\u00e1k be a jelz\u0151t\u00e1bl\u00e1kat, k\u00f6z\u00fati jelz\u00e9seket;<\/li>\n<li>A maxim\u00e1lis k\u00f6zleked\u00e9si sebess\u00e9g 5 km\/\u00f3ra;<\/li>\n<li>A parkol\u00e1s ingyenes, legfeljebb 4 \u00f3r\u00e1s tart\u00f3zkod\u00e1s aj\u00e1nlott;<\/li>\n<li>Tilos a mozg\u00e1skorl\u00e1tozott szem\u00e9lyek sz\u00e1m\u00e1ra kijel\u00f6lt \u00e9s fenntartott helyekre parkolni;<\/li>\n<li>A g\u00e9pj\u00e1rm\u0171vezet\u0151nek a parkol\u00e1sra kijel\u00f6lt helyre kell beparkolnia, be kell tartania minden parkol\u00e1si jelz\u00e9st;<\/li>\n<li>A szab\u00e1lyok be nem tart\u00e1sa eset\u00e9n a Plaza M igazgat\u00f3s\u00e1ga jogosult a j\u00e1rm\u0171vet a parkol\u00f3ban a vezet\u0151 k\u00f6lts\u00e9g\u00e9re lez\u00e1rni;<\/li>\n<li>A parkol\u00f3 videofel\u00fcgyelet alatt \u00e1ll. A videokamer\u00e1k csak az \u00e1raml\u00e1s fel\u00fcgyelet\u00e9t szolg\u00e1lj\u00e1k, a videofelv\u00e9telek nem nyilv\u00e1nosak;<\/li>\n<li>A Plaza M Igazgat\u00f3s\u00e1g nem v\u00e1llal felel\u0151ss\u00e9get a benne hagyott aut\u00f3k \u00e9s \u00e1ruk \u00e9ps\u00e9g\u00e9\u00e9rt. B\u00e1rmilyen probl\u00e9ma bejelent\u00e9s\u00e9hez k\u00e9rj\u00fck, forduljon a Plaza M adminisztr\u00e1ci\u00f3s irod\u00e1j\u00e1hoz.<\/li>\n<li>Tilos a j\u00e1rm\u0171vekben fel\u00fcgyelet n\u00e9lk\u00fcl hagyni \u00e1llatokat, gy\u00fal\u00e9kony anyagokat vagy vesz\u00e9lyes t\u00e1rgyakat;<\/li>\n<li>A parkol\u00f3ban tilos az aut\u00f3k jav\u00edt\u00e1sa vagy b\u00e1rmilyen karbantart\u00e1si tev\u00e9kenys\u00e9g (olaj- \u00e9s fagy\u00e1ll\u00f3 folyad\u00e9kcsere vagy \u00fczemanyag-ut\u00e1nt\u00f6lt\u00e9s);<\/li>\n<li>A parkol\u00f3ba tilos g\u00e9pkocsit behozni a vezet\u00e9si \u00f3r\u00e1k idej\u00e9re;<\/li>\n<li>A t\u00falm\u00e9retes j\u00e1rm\u0171vek (traktorok, teheraut\u00f3k vagy m\u00e1s neh\u00e9z teherg\u00e9pj\u00e1rm\u0171vek), valamint a p\u00f3tkocsis vagy l\u00e1that\u00f3an s\u00e9r\u00fclt j\u00e1rm\u0171vek sz\u00e1m\u00e1ra tilos a behajt\u00e1s;<\/li>\n<li>Tilos az elad\u00f3 hirdet\u00e9st tartalmaz\u00f3 j\u00e1rm\u0171vek parkol\u00e1sa.<\/li>\n<\/ul>\n<p>[\/ \/et_pb_text][\/et_pb_column][\/et_pb_row][\/et_pb_section][et_pb_section fb_built=\"1\u2033 _builder_version=\"4.16\u2033 background_colour=\"rgba(217,217,217,217,0.5)\" global_colors_info=\"{}\"][et_pb_row _builder_version=\"4.16\u2033 global_colors_info=\"{}\"][et_pb_column type=\"4_4\u2033 _builder_version=\"4.16\u2033 global_colors_info=\"{}\"][et_pb_image src=\"https:\/\/plazam.ro\/wp-content\/uploads\/2021\/03\/Parcare-parkolas-parkolas-promenada-mall-1.png\" title_text=\"Parcare - parkol\u00e1s promenada mall (1)\" align=\"centre\" _builder_version=\"4.16\u2033 width=\"50%\" border_radii=\"on|50px|50px|50px|50px|50px\" border_radii_tablet=\"\" border_radii_phone=\"on|30px|30px|30px|30px|30px\" border_radii_last_edited=\"on|phone\" global_colours_info=\"{}\"][\/et_pb_image][\/et_pb_column][\/et_pb_row][\/et_pb_section]<\/p>","protected":false},"excerpt":{"rendered":"<p>Plaza M &#8211; ParcarePlaza M are o capacitate de peste 1.500 locuri de parcare. Intrarea \u00een parcarea Plaza M presupune acceptarea prezentului regulament. Aceast\u0103 parcare este domeniu privat \u00een care se aplic\u0103 legisla\u0163ia \u00een vigoare cu privire la circula\u0163ia pe drumurile publice; Intervalul orar \u00een care este permis\u0103 parcarea este 07:00-22:00. Excep\u0163ie de la orarul [&hellip;]<\/p>","protected":false},"author":1,"featured_media":0,"parent":0,"menu_order":0,"comment_status":"closed","ping_status":"closed","template":"","meta":{"_et_pb_use_builder":"on","_et_pb_old_content":"<!-- wp:divi\/placeholder \/-->","_et_gb_content_width":"","footnotes":""},"class_list":["post-27","page","type-page","status-publish","hentry"],"_links":{"self":[{"href":"https:\/\/plazam.ro\/hu\/wp-json\/wp\/v2\/pages\/27","targetHints":{"allow":["GET"]}}],"collection":[{"href":"https:\/\/plazam.ro\/hu\/wp-json\/wp\/v2\/pages"}],"about":[{"href":"https:\/\/plazam.ro\/hu\/wp-json\/wp\/v2\/types\/page"}],"author":[{"embeddable":true,"href":"https:\/\/plazam.ro\/hu\/wp-json\/wp\/v2\/users\/1"}],"replies":[{"embeddable":true,"href":"https:\/\/plazam.ro\/hu\/wp-json\/wp\/v2\/comments?post=27"}],"version-history":[{"count":10,"href":"https:\/\/plazam.ro\/hu\/wp-json\/wp\/v2\/pages\/27\/revisions"}],"predecessor-version":[{"id":11112,"href":"https:\/\/plazam.ro\/hu\/wp-json\/wp\/v2\/pages\/27\/revisions\/11112"}],"wp:attachment":[{"href":"https:\/\/plazam.ro\/hu\/wp-json\/wp\/v2\/media?parent=27"}],"curies":[{"name":"wp","href":"https:\/\/api.w.org\/{rel}","templated":true}]}}

Parkolás

<p>[et_pb_section fb_built=&#8221;1&#8243; fullwidth=&#8221;on&#8221; _builder_version=&#8221;4.27.4&#8243; background_image=&#8221;https://plazam.ro/wp-content/uploads/2025/01/Plaza-M-Targu-Mures-5-1.jpg&#8221; custom_margin=&#8221;-100px||||false|false&#8221; global_colors_info=&#8221;{}&#8221;][et_pb_fullwidth_header title=&#8221;Parcare&#8221; text_orientation=&#8221;center&#8221; _builder_version=&#8221;4.27.4&#8243; title_font=&#8221;Montserrat|800|||||||&#8221; title_font_size=&#8221;55px&#8221; subhead_font=&#8221;|700|||||||&#8221; subhead_text_color=&#8221;#000000&#8243; subhead_font_size=&#8221;25px&#8221; background_enable_color=&#8221;off&#8221; custom_margin=&#8221;||||false|false&#8221; custom_padding=&#8221;200px||200px||true|false&#8221; global_colors_info=&#8221;{}&#8221;][/et_pb_fullwidth_header][/et_pb_section][et_pb_section fb_built=&#8221;1&#8243; _builder_version=&#8221;4.16&#8243; global_colors_info=&#8221;{}&#8221;][et_pb_row _builder_version=&#8221;4.16&#8243; global_colors_info=&#8221;{}&#8221;][et_pb_column type=&#8221;4_4&#8243; _builder_version=&#8221;4.16&#8243; global_colors_info=&#8221;{}&#8221;][et_pb_text _builder_version=&#8221;4.23.1&#8243; text_font=&#8221;Gotham-light||||||||&#8221; text_font_size=&#8221;18px&#8221; text_line_height=&#8221;1.4em&#8221; header_font=&#8221;Montserrat|800|||||||&#8221; header_text_align=&#8221;left&#8221; header_font_size=&#8221;45px&#8221; header_line_height=&#8221;1.7em&#8221; header_2_font=&#8221;Gotham-medium||||||||&#8221; header_2_font_size=&#8221;40px&#8221; header_2_line_height=&#8221;1.5em&#8221; header_3_font=&#8221;Gotham-medium||||||||&#8221; header_3_font_size=&#8221;35px&#8221; header_3_line_height=&#8221;1.4em&#8221; header_4_font=&#8221;Gotham-medium||||||||&#8221; header_4_font_size=&#8221;30px&#8221; header_4_line_height=&#8221;1.4em&#8221; header_5_font=&#8221;Gotham-medium||||||||&#8221; header_5_font_size=&#8221;25px&#8221; header_5_line_height=&#8221;1.4em&#8221; header_6_font=&#8221;Gotham-medium||||||||&#8221; header_6_font_size=&#8221;20px&#8221; header_6_line_height=&#8221;1.4em&#8221; text_orientation=&#8221;center&#8221; global_colors_info=&#8221;{}&#8221;]</p>
<h1 style="text-align: center;">Plaza M - Parkolás</h1>
<p>[/et_pb_text][/et_pb_column][/et_pb_row][et_pb_row _builder_version=&#8221;4.16&#8243; global_colors_info=&#8221;{}&#8221;][et_pb_column type=&#8221;4_4&#8243; _builder_version=&#8221;4.16&#8243; global_colors_info=&#8221;{}&#8221;][et_pb_text _builder_version=&#8221;4.27.4&#8243; text_font=&#8221;Montserrat||||||||&#8221; text_font_size=&#8221;18px&#8221; text_line_height=&#8221;1.4em&#8221; header_font=&#8221;Gotham-medium||||||||&#8221; header_font_size=&#8221;45px&#8221; header_line_height=&#8221;1.7em&#8221; header_2_font=&#8221;Gotham-medium||||||||&#8221; header_2_font_size=&#8221;40px&#8221; header_2_line_height=&#8221;1.5em&#8221; header_3_font=&#8221;Gotham-medium||||||||&#8221; header_3_font_size=&#8221;35px&#8221; header_3_line_height=&#8221;1.4em&#8221; header_4_font=&#8221;Gotham-medium||||||||&#8221; header_4_font_size=&#8221;30px&#8221; header_4_line_height=&#8221;1.4em&#8221; header_5_font=&#8221;Gotham-medium||||||||&#8221; header_5_font_size=&#8221;25px&#8221; header_5_line_height=&#8221;1.4em&#8221; header_6_font=&#8221;Gotham-medium||||||||&#8221; header_6_font_size=&#8221;20px&#8221; header_6_line_height=&#8221;1.4em&#8221; text_orientation=&#8221;justified&#8221; hover_enabled=&#8221;0&#8243; global_colors_info=&#8221;{}&#8221; sticky_enabled=&#8221;0&#8243;]</p>
<p>A Plaza M több mint 1500 parkolóhellyel rendelkezik.</p>
<p><em><strong>A Plaza M parkolóba való belépés ezen szabályok elfogadását jelenti.</strong></em></p>
<ul>
<li>A parkoló magánterület, amelyen a hatályos közúti közlekedési jogszabályok alkalmazandók.</li>
<li>A megengedett parkolási idő 07:00-22:00. A fenti menetrend alól csak a Cinema City és a Jack Casino ügyfelei képeznek kivételt, akik 06:00 óráig parkolhatnak;</li>
<li>A parkolóban a megfelelő közlekedés biztosítása érdekében kérjük, tartsák be a jelzőtáblákat, közúti jelzéseket;</li>
<li>A maximális közlekedési sebesség 5 km/óra;</li>
<li>A parkolás ingyenes, legfeljebb 4 órás tartózkodás ajánlott;</li>
<li>Tilos a mozgáskorlátozott személyek számára kijelölt és fenntartott helyekre parkolni;</li>
<li>A gépjárművezetőnek a parkolásra kijelölt helyre kell beparkolnia, be kell tartania minden parkolási jelzést;</li>
<li>A szabályok be nem tartása esetén a Plaza M igazgatósága jogosult a járművet a parkolóban a vezető költségére lezárni;</li>
<li>A parkoló videofelügyelet alatt áll. A videokamerák csak az áramlás felügyeletét szolgálják, a videofelvételek nem nyilvánosak;</li>
<li>A Plaza M Igazgatóság nem vállal felelősséget a benne hagyott autók és áruk épségéért. Bármilyen probléma bejelentéséhez kérjük, forduljon a Plaza M adminisztrációs irodájához.</li>
<li>Tilos a járművekben felügyelet nélkül hagyni állatokat, gyúlékony anyagokat vagy veszélyes tárgyakat;</li>
<li>A parkolóban tilos az autók javítása vagy bármilyen karbantartási tevékenység (olaj- és fagyálló folyadékcsere vagy üzemanyag-utántöltés);</li>
<li>A parkolóba tilos gépkocsit behozni a vezetési órák idejére;</li>
<li>A túlméretes járművek (traktorok, teherautók vagy más nehéz tehergépjárművek), valamint a pótkocsis vagy láthatóan sérült járművek számára tilos a behajtás;</li>
<li>Tilos az eladó hirdetést tartalmazó járművek parkolása.</li>
</ul>
<p>[/ /et_pb_text][/et_pb_column][/et_pb_row][/et_pb_section][et_pb_section fb_built="1″ _builder_version="4.16″ background_colour="rgba(217,217,217,217,0.5)" global_colors_info="{}"][et_pb_row _builder_version="4.16″ global_colors_info="{}"][et_pb_column type="4_4″ _builder_version="4.16″ global_colors_info="{}"][et_pb_image src="https://plazam.ro/wp-content/uploads/2021/03/Parcare-parkolas-parkolas-promenada-mall-1.png" title_text="Parcare - parkolás promenada mall (1)" align="centre" _builder_version="4.16″ width="50%" border_radii="on|50px|50px|50px|50px|50px" border_radii_tablet="" border_radii_phone="on|30px|30px|30px|30px|30px" border_radii_last_edited="on|phone" global_colours_info="{}"][/et_pb_image][/et_pb_column][/et_pb_row][/et_pb_section]</p>

<p>Plaza M &#8211; ParcarePlaza M are o capacitate de peste 1.500 locuri de parcare. Intrarea în parcarea Plaza M presupune acceptarea prezentului regulament. Această parcare este domeniu privat în care se aplică legislaţia în vigoare cu privire la circulaţia pe drumurile publice; Intervalul orar în care este permisă parcarea este 07:00-22:00. Excepţie de la orarul [&hellip;]</p>
